{"id":1569,"date":"2021-06-01T23:31:33","date_gmt":"2021-06-01T23:31:33","guid":{"rendered":"https:\/\/tunap.cl\/?post_type=product&#038;p=1569"},"modified":"2026-03-18T23:11:02","modified_gmt":"2026-03-18T23:11:02","slug":"986-sustancia-activa-de-sistema-scr","status":"publish","type":"product","link":"https:\/\/tunap.cl\/index.php\/product\/986-sustancia-activa-de-sistema-scr\/","title":{"rendered":"988 Sustancia activa de sistema SCR (PRONTO 987)"},"content":{"rendered":"<p>Sustancia activa de sistema 2 en 1 para aplicar peri\u00f3dicamente con fines preventivos y de limpieza<br \/>\nen caso de problemas de suciedad en los catalizadores SCR. La f\u00f3rmula especialmente desarrollada<br \/>\nlimpia inyectores de urea y catalizadores SCR sucios. Con ello se pueden evitar desde p\u00e9rdidas de rendimiento hasta aver\u00edas del motor.<\/p>\n","protected":false},"excerpt":{"rendered":"<p>Propiedades<br \/>\n\u2714 Protege inyectores de urea y catalizadores SCR de la suciedad<br \/>\n\u2714 Limpia inyectores de urea y catalizadores SCR sucios<br \/>\n\u2714 El cliente final puede aplicar el producto<br \/>\n\u2714 Pr\u00e1ctica botella dosificadora<br \/>\n\u00c1rea de aplicaci\u00f3n<br \/>\n\u2714 En caso de contaminaci\u00f3n de los inyectores SCR<br \/>\nInstrucciones<br \/>\nGracias a la pr\u00e1ctica botella dosificadora, se puede presionar la cantidad correspondiente<br \/>\nde producto en la zona de dosificaci\u00f3n de la botella. A continuaci\u00f3n, se a\u00f1ade la cantidad<br \/>\nmedida al bid\u00f3n de urea. Despu\u00e9s se a\u00f1ade la mezcla al dep\u00f3sito de urea del veh\u00edculo. Debe<br \/>\naplicarse peri\u00f3dicamente al rellenar el dep\u00f3sito de urea del veh\u00edculo.<br \/>\nDosificaci\u00f3n<br \/>\nPara una correcta dosificaci\u00f3n, consulte la escala de la zona de dosificaci\u00f3n de la botella.<br \/>\nCon una botella de sustancia activa de sistema SCR (250 ml) hay suficiente para 100 l de<br \/>\nl\u00edquido de urea.<br \/>\nAviso<br \/>\n\u2714 Atenci\u00f3n: No se debe utilizar en sistemas en los que la inyecci\u00f3n de urea se realice<br \/>\nmediante presi\u00f3n neum\u00e1tica.<\/p>\n","protected":false},"featured_media":2114,"comment_status":"open","ping_status":"closed","template":"","meta":[],"product_brand":[],"product_cat":[15],"product_tag":[39],"class_list":{"0":"post-1569","1":"product","2":"type-product","3":"status-publish","4":"has-post-thumbnail","6":"product_cat-uncategorized","7":"product_tag-limpieza-inyectores","9":"first","10":"instock","11":"shipping-taxable","12":"purchasable","13":"product-type-simple"},"_links":{"self":[{"href":"https:\/\/tunap.cl\/index.php\/wp-json\/wp\/v2\/product\/1569","targetHints":{"allow":["GET"]}}],"collection":[{"href":"https:\/\/tunap.cl\/index.php\/wp-json\/wp\/v2\/product"}],"about":[{"href":"https:\/\/tunap.cl\/index.php\/wp-json\/wp\/v2\/types\/product"}],"replies":[{"embeddable":true,"href":"https:\/\/tunap.cl\/index.php\/wp-json\/wp\/v2\/comments?post=1569"}],"wp:featuredmedia":[{"embeddable":true,"href":"https:\/\/tunap.cl\/index.php\/wp-json\/wp\/v2\/media\/2114"}],"wp:attachment":[{"href":"https:\/\/tunap.cl\/index.php\/wp-json\/wp\/v2\/media?parent=1569"}],"wp:term":[{"taxonomy":"product_brand","embeddable":true,"href":"https:\/\/tunap.cl\/index.php\/wp-json\/wp\/v2\/product_brand?post=1569"},{"taxonomy":"product_cat","embeddable":true,"href":"https:\/\/tunap.cl\/index.php\/wp-json\/wp\/v2\/product_cat?post=1569"},{"taxonomy":"product_tag","embeddable":true,"href":"https:\/\/tunap.cl\/index.php\/wp-json\/wp\/v2\/product_tag?post=1569"}],"curies":[{"name":"wp","href":"https:\/\/api.w.org\/{rel}","templated":true}]}}