{"id":172,"date":"2021-01-04T01:01:33","date_gmt":"2021-01-04T01:01:33","guid":{"rendered":"http:\/\/tunap.cl\/?post_type=product&#038;p=172"},"modified":"2024-12-16T14:36:31","modified_gmt":"2024-12-16T14:36:31","slug":"142-tapafugas-para-sistema-de-refrigeracion","status":"publish","type":"product","link":"https:\/\/tunap.cl\/index.php\/product\/142-tapafugas-para-sistema-de-refrigeracion\/","title":{"rendered":"142 Tapafugas para sistema de refrigeraci\u00f3n"},"content":{"rendered":"<p><strong>Sella las fugas en el circuito de refrigeraci\u00f3n y garantiza de ese modo el buen funcionamiento. Como sellante<\/strong><br \/>\n<strong>permanente de fisuras y fugas. Evita la exudaci\u00f3n de las juntas y la p\u00e9rdida de agua refrigerante.<\/strong><\/p>\n","protected":false},"excerpt":{"rendered":"<p><strong>Propiedades<\/strong><br \/>\n<strong>&#8211; Indicado para todo tipo de anticongelantes a base de glicol y glicerina<\/strong><br \/>\n<strong>&#8211; Evita escapes en el circuito de refrigeraci\u00f3n<\/strong><br \/>\n<strong>&#8211; Sellante permanente de fisuras y fugas<\/strong><br \/>\n<strong>&#8211; Garantiza el funcionamiento de las v\u00e1lvulas de la calefacci\u00f3n y la bomba de agua<\/strong><br \/>\n<strong>&#8211; Evita la exudaci\u00f3n de las juntas y la p\u00e9rdida de agua refrigerante<\/strong><br \/>\n<strong>&#8211; Tambi\u00e9n indicado para sistemas de refrigeraci\u00f3n cerrados<\/strong><br \/>\n<strong>&#8211; Neutro con gomas y pl\u00e1sticos, as\u00ed como con metales ligeros y no ferrosos<\/strong><br \/>\n<strong>\u00c1rea de aplicaci\u00f3n<\/strong><br \/>\n<strong>&#8211; En caso de exudaci\u00f3n de las juntas de culata<\/strong><br \/>\n<strong>&#8211; En caso de racores de empalme permeables<\/strong><br \/>\n<strong>&#8211; En caso de fisuras en el radiador, en la culata o en el bloque del motor<\/strong><br \/>\n<strong>&#8211; Protege el sistema contra p\u00e9rdidas<\/strong><br \/>\n<strong>Instrucciones<\/strong><br \/>\n<strong>A\u00f1ada el producto con el motor en caliente. Abra las v\u00e1lvulas de ventilaci\u00f3n. Deje el motor en marcha durante<\/strong><br \/>\n<strong>al menos 10 minutos hasta que el termostato se abra y la calefacci\u00f3n emita calor perceptible. Despu\u00e9s de<\/strong><br \/>\n<strong>parar el motor, vuelva a comprobar el nivel de agua refrigerante. Compatible con todos los anticongelantes y<\/strong><br \/>\n<strong>l\u00edquidos refrigerantes convencionales. Suficiente hasta para 10l. Agua refrigerante.<\/strong><\/p>\n","protected":false},"featured_media":2015,"comment_status":"open","ping_status":"closed","template":"","meta":[],"product_brand":[],"product_cat":[15],"product_tag":[22],"class_list":{"0":"post-172","1":"product","2":"type-product","3":"status-publish","4":"has-post-thumbnail","6":"product_cat-uncategorized","7":"product_tag-coolingsystem","9":"first","10":"instock","11":"shipping-taxable","12":"purchasable","13":"product-type-simple"},"_links":{"self":[{"href":"https:\/\/tunap.cl\/index.php\/wp-json\/wp\/v2\/product\/172","targetHints":{"allow":["GET"]}}],"collection":[{"href":"https:\/\/tunap.cl\/index.php\/wp-json\/wp\/v2\/product"}],"about":[{"href":"https:\/\/tunap.cl\/index.php\/wp-json\/wp\/v2\/types\/product"}],"replies":[{"embeddable":true,"href":"https:\/\/tunap.cl\/index.php\/wp-json\/wp\/v2\/comments?post=172"}],"wp:featuredmedia":[{"embeddable":true,"href":"https:\/\/tunap.cl\/index.php\/wp-json\/wp\/v2\/media\/2015"}],"wp:attachment":[{"href":"https:\/\/tunap.cl\/index.php\/wp-json\/wp\/v2\/media?parent=172"}],"wp:term":[{"taxonomy":"product_brand","embeddable":true,"href":"https:\/\/tunap.cl\/index.php\/wp-json\/wp\/v2\/product_brand?post=172"},{"taxonomy":"product_cat","embeddable":true,"href":"https:\/\/tunap.cl\/index.php\/wp-json\/wp\/v2\/product_cat?post=172"},{"taxonomy":"product_tag","embeddable":true,"href":"https:\/\/tunap.cl\/index.php\/wp-json\/wp\/v2\/product_tag?post=172"}],"curies":[{"name":"wp","href":"https:\/\/api.w.org\/{rel}","templated":true}]}}