{"id":184,"date":"2021-01-04T20:12:23","date_gmt":"2021-01-04T20:12:23","guid":{"rendered":"http:\/\/tunap.cl\/?post_type=product&#038;p=184"},"modified":"2024-12-16T14:33:25","modified_gmt":"2024-12-16T14:33:25","slug":"373-aceite-para-electronica","status":"publish","type":"product","link":"https:\/\/tunap.cl\/index.php\/product\/373-aceite-para-electronica\/","title":{"rendered":"373 Aceite para electr\u00f3nica"},"content":{"rendered":"<p><strong>Aceite sint\u00e9tico que repele el agua. Garantiza el flujo de corriente en los contactos el\u00e9ctricos. Protege frente al<\/strong><br \/>\n<strong>desgaste mec\u00e1nico y fuego por contacto. Adecuado para sistemas de conectores planos y enchufes chapados en oro.<\/strong><\/p>\n","protected":false},"excerpt":{"rendered":"<p><strong>Propiedades<\/strong><br \/>\n<strong>&#8211; Protege de la corrosi\u00f3n qu\u00edmica y electroqu\u00edmica<\/strong><br \/>\n<strong>&#8211; Disminuye la fricci\u00f3n que produce el desgaste en los contactos<\/strong><br \/>\n<strong>&#8211; Protege contra la abrasi\u00f3n el recubrimiento fino (metales nobles como oro, plata, rodio, etc.) de las<\/strong><br \/>\n<strong>superficies de contacto<\/strong><br \/>\n<strong>&#8211; Sella los contactos frente a agentes externos da\u00f1inos como la humedad, el polvo y el aire agresivo del<\/strong><br \/>\n<strong>ambiente<\/strong><br \/>\n<strong>&#8211; Garantiza un flujo de corriente seguro y sin p\u00e9rdidas<\/strong><br \/>\n<strong>&#8211; Neutro con las pinturas aislantes y los agentes activos que se utilizan en el campo de la electr\u00f3nica<\/strong><br \/>\n<strong>\u00c1rea de aplicaci\u00f3n<\/strong><br \/>\n<strong>&#8211; Conexiones enchufables en el compartimento del motor<\/strong><br \/>\n<strong>&#8211; Conector de diagn\u00f3stico, conexiones a masa, conectores para remolque, bornes de bater\u00eda, contactos<\/strong><br \/>\n<strong>detr\u00e1s de los revestimientos<\/strong><br \/>\n<strong>&#8211; Conexiones en la zona inferior del veh\u00edculo, como ABS, ASR, EDS, etc.<\/strong><br \/>\n<strong>Instrucciones<\/strong><br \/>\n<strong>Roc\u00ede las piezas.<\/strong><\/p>\n","protected":false},"featured_media":2012,"comment_status":"open","ping_status":"closed","template":"","meta":[],"product_brand":[],"product_cat":[15],"product_tag":[23],"class_list":{"0":"post-184","1":"product","2":"type-product","3":"status-publish","4":"has-post-thumbnail","6":"product_cat-uncategorized","7":"product_tag-electric","9":"first","10":"instock","11":"shipping-taxable","12":"purchasable","13":"product-type-simple"},"_links":{"self":[{"href":"https:\/\/tunap.cl\/index.php\/wp-json\/wp\/v2\/product\/184","targetHints":{"allow":["GET"]}}],"collection":[{"href":"https:\/\/tunap.cl\/index.php\/wp-json\/wp\/v2\/product"}],"about":[{"href":"https:\/\/tunap.cl\/index.php\/wp-json\/wp\/v2\/types\/product"}],"replies":[{"embeddable":true,"href":"https:\/\/tunap.cl\/index.php\/wp-json\/wp\/v2\/comments?post=184"}],"wp:featuredmedia":[{"embeddable":true,"href":"https:\/\/tunap.cl\/index.php\/wp-json\/wp\/v2\/media\/2012"}],"wp:attachment":[{"href":"https:\/\/tunap.cl\/index.php\/wp-json\/wp\/v2\/media?parent=184"}],"wp:term":[{"taxonomy":"product_brand","embeddable":true,"href":"https:\/\/tunap.cl\/index.php\/wp-json\/wp\/v2\/product_brand?post=184"},{"taxonomy":"product_cat","embeddable":true,"href":"https:\/\/tunap.cl\/index.php\/wp-json\/wp\/v2\/product_cat?post=184"},{"taxonomy":"product_tag","embeddable":true,"href":"https:\/\/tunap.cl\/index.php\/wp-json\/wp\/v2\/product_tag?post=184"}],"curies":[{"name":"wp","href":"https:\/\/api.w.org\/{rel}","templated":true}]}}